12
In base 2, what is 11101101011 + 101?
11101110000
In base 10, what is -14 + 287?
273
In base 9, what is -4 + -332?
-336
In base 9, what is -586 + 3?
-583
In base 6, what is 343 - -1?
344
In base 5, what is -332 - 1413?
-2300
In base 5, what is -23 + -3?
-31
In base 13, what is -27 - 40?
-67
In base 10, what is -2693 - -2?
-2691
In base 13, what is -3 - 140?
-143
In base 2, what is 11 + -100100111?
-100100100
In base 16, what is 5 + -93?
-8e
In base 8, what is 363 + 237?
622
In base 14, what is d7a1 + -3?
d79c
In base 15, what is -cb + 24?
-a7
In base 6, what is 0 - -24?
24
In base 6, what is -23 - 15?
-42
In base 2, what is -1 + -110101?
-110110
In base 8, what is -204 + -312?
-516
In base 10, what is 5 - -832?
837
In base 6, what is 44 + -245?
-201
In base 3, what is -21010 - 100?
-21110
In base 11, what is 3824 + 2?
3826
In base 12, what is 4 - b?
-7
In base 7, what is -4 - 511?
-515
In base 8, what is 5 + 26?
33
In base 12, what is 1 - 887?
-886
In base 4, what is -12 - -120?
102
In base 15, what is -3262 + 2?
-3260
In base 13, what is 4 + 63c?
643
In base 7, what is -421 - 0?
-421
In base 2, what is 1000111 + -11?
1000100
In base 12, what is -6b49 - 4?
-6b51
In base 11, what is 11 - -13?
24
In base 11, what is -201 - 5?
-206
In base 7, what is -46 + -25?
-104
In base 7, what is 1301 - 1?
1300
In base 14, what is -2c - 436?
-464
In base 2, what is -1010011 + 110?
-1001101
In base 14, what is 42 + -5?
3b
In base 14, what is -6 + -68?
-70
In base 6, what is -10450 + -2?
-10452
In base 4, what is -2 + -101?
-103
In base 15, what is -2 - -150?
14d
In base 3, what is -1 + -2201211?
-2201212
In base 14, what is 1 + -7b?
-7a
In base 4, what is -313 - 11222?
-12201
In base 4, what is -1010 + -1?
-1011
In base 8, what is -5 - -70?
63
In base 15, what is b3 - c?
a6
In base 15, what is 18 - -18c?
1a5
In base 3, what is 2 - 10012011?
-10012002
In base 9, what is 10 - -13?
23
In base 6, what is 0 + -14055?
-14055
In base 14, what is -5d + -2?
-61
In base 15, what is d8 - 40?
98
In base 4, what is -10 - 311?
-321
In base 6, what is 1 - 1312?
-1311
In base 11, what is -8 - 336?
-343
In base 7, what is 5 - 302?
-264
In base 7, what is 46 + 1356?
1435
In base 15, what is -4 + 12?
d
In base 9, what is -8 - 2?
-11
In base 7, what is 1016 - 3?
1013
In base 3, what is -20 - 2112200?
-2112220
In base 11, what is 5 + -47?
-42
In base 12, what is -2a - 0?
-2a
In base 10, what is 15870 + 0?
15870
In base 8, what is -1 + 46?
45
In base 10, what is 27 - 5?
22
In base 12, what is a - -20?
2a
In base 8, what is 152 + 1?
153
In base 7, what is -1326 - 5?
-1334
In base 14, what is -21db - -5?
-21d6
In base 10, what is -1584 - -4?
-1580
In base 9, what is 21 + -5?
15
In base 16, what is -310 + 5?
-30b
In base 7, what is -10 + 534?
524
In base 2, what is 100110111000 + 10?
100110111010
In base 10, what is -243 + 0?
-243
In base 16, what is 7 - -613?
61a
In base 15, what is -4 + -6d6?
-6da
In base 12, what is 3b29 - 4?
3b25
In base 3, what is 10 + 20121?
20201
In base 12, what is -426 - 0?
-426
In base 8, what is 352 - -2?
354
In base 3, what is 20210 + -120?
20020
In base 8, what is -31 + -13?
-44
In base 8, what is 125 + 31?
156
In base 15, what is 3d6 + -2d?
3a8
In base 8, what is 1364 - 2?
1362
In base 8, what is 14621 - 3?
14616
In base 14, what is c0 + -2?
bc
In base 13, what is -24 - -3?
-21
In base 9, what is 35 + 34?
70
In base 15, what is 2 + 89?
8b
In base 2, what is 101 - 110000000011?
-101111111110
In base 9, what is -1756 + 4?
-1752
In base 14, what is 3761 + 4?
3765
In base 13, what is 6055 - -3?
6058
In base 3, what is 10012101 + 10?
10012111
In base 7, what is 50 - -3?
53
In base 12, what is -19 + -6?
-23
In base 11, what is 4 + -22?
-19
In base 13, what is 61 - 0?
61
In base 14, what is 1 - -21?
22
In base 6, what is 5 + -122?
-113
In base 15, what is 4 + 44?
48
In base 6, what is 13053 + -2?
13051
In base 7, what is -13 + -534?
-550
In base 8, what is 13 - -26?
41
In base 13, what is -97c - -4?
-978
In base 4, what is 20 - 32332?
-32312
In base 4, what is 101330 + 11?
102001
In base 7, what is 0 - -56?
56
In base 11, what is 352 + -5?
348
In base 12, what is -23b - -2?
-239
In base 12, what is -2 - -14?
12
In base 3, what is -1022 - 10100?
-11122
In base 3, what is 10 + 10101?
10111
In base 5, what is 20 + 444?
1014
In base 7, what is -4 + 316?
312
In base 3, what is 201012 + -1?
201011
In base 12, what is 1 - -267?
268
In base 5, what is 22 + 224?
301
In base 14, what is -2c + 35?
7
In base 5, what is -2 - -43?
41
In base 15, what is c - -9?
16
In base 15, what is -925 + -8?
-92d
In base 15, what is 0 + -235?
-235
In base 6, what is 103 + 44?
151
In base 4, what is 1103 + 100?
1203
In base 4, what is -3 - 202?
-211
In base 12, what is 23 + -759?
-736
In base 3, what is -10020111 + -10?
-10020121
In base 12, what is -7a - 2?
-80
In base 11, what is -104 + -9?
-112
In base 12, what is 727 - 3?
724
In base 8, what is -10 + 1660?
1650
In base 16, what is 6 + -50f?
-509
In base 16, what is -5 + -2b0?
-2b5
In base 9, what is 40 + -20?
20
In base 4, what is -101300 + 2?
-101232
In base 15, what is 96 + -4?
92
In base 15, what is 14 + b2?
c6
In base 9, what is -2 + 751?
748
In base 11, what is -5 + 20?
16
In base 7, what is 20050 + 2?
20052
In base 14, what is 3 - -76a?
76d
In base 2, what is -100011010 + 11001?
-100000001
In base 5, what is -22 - 142?
-214
In base 4, what is 2 - 3100?
-3032
In base 3, what is -111012 - 12?
-111101
In base 11, what is -2 - 2a3?
-2a5
In base 4, what is -213 - -2?
-211
In base 4, what is 310 - -10?
320
In base 16, what is -4c6 - e?
-4d4
In base 15, what is -4d - -1d?
-30
In base 4, what is 122 - 1333?
-1211
In base 9, what is 23 - 31?
-7
In base 4, what is -3 + 1?
-2
In base 2, what is 10000 + -101010?
-11010
In base 9, what is 17156 - -1?
17157
In base 5, what is 14031 - 3?
14023
In base 12, what is -55 - -a?
-47
In base 8, what is -110 + 10?
-100
In base 12, what is -1 - b8?
-b9
In base 2, what is -101 - 1110?
-10011
In base 8, what is -124 + -35?
-161
In base 6, what is 0 + 3123?
3123
In base 5, what is 4 - -100103?
100112
In base 14, what is 4 + 1070?
1074
In base 5, what is 2 - 20203?
-20201
In base 12, what is 2a50 - 2?
2a4a
In base 5, what is 2 + 3003?
3010
In base 3, what is 222 - -101?
1100
In base 10, what is -1650 - -3?
-1647
In base 2, what is -1 + 100011010001?
100011010000
In base 7, what is 110 + -3?
104
In base 15, what is -3 - -207?
204
In base 14, what is -5 + -196?
-19b
In base 8, what is 1 - -1635?
1636
In base 11, what is -9 + -63?
-71
In base 4, what is -102301 + 0?
-102301
In base 5, what is -14 + -104?
-123
In base 13, what is 5c + 46?
a5
In base 8, what is 4 - 34?
-30
In base 2, what is -1110000 + -10?
-1110010
In base 5, what is -333 + -234?
-1122
In base 12, what is -16 + 4?
-12
In base 12, what is -6 + 2a9?
2a3
In base 2, what is 1110010001 - -100?
1110010101
In base 7, what is 23 + 66?
122
In base 16, what is -2 - 2?
-4
In base 12, what is -3 - -980?
979
In base 5, what is 1000320 + 0?
1000320
In base 12, what is 529 + -4?
525
In base 3, what is -1011 - -21111?
20100
In base 6, what is -514 + 215?
-255
In base 15, what is 0 + -47d?
-47d
In base 5, what is -1 + -323?
-324
In base 4, what is -1 + 2022?
2021
In base 16, what is 45 + -c?
39
In base 8, what is -26 + -1166?
-1214
In base 11, what is 5 - 18?
-13
In base 12, what is 17 - -2?
19
In base 5, what is -2134 + -2?
-2141
In base 2, what is -1000110110 + 10?
-1000110100
In base 5, what is -231 - 1?
-232
In base 13, what is -4 + 395?
391
In base 3, what is -2021 + -12?
-2110
In base 14, what is -7d88 - -3?
-7d85
In base 6, what is -355 - -22?
-333
In base 2, what is 1101 - -110?
10011
In base 6, what is 11 + 1?
12
In base 2, what is 1100010101011 + -100?
1100010100111
In base 5, what is -41 + 24?
-12
In base 11, what is -10a2 + 2?
-10a0
In base 12, what is b - 137?
-128
In base 14, what is d02b - 2?
d029
In base 12, what is -38 + 1?
-37
In base 5, what is -23 - -324?
301
In base 12, what is 860 - 8?
854
In base 6, what is -1425 - 1?
-1430
In base 6, what is -105 + -5?
-114
In base 4, what is 22022 + 10?
22032
In base 13, what is -4 - -8b?
87
In base 4, what is -10 + -31203?
-31213
In base 16, what is 4ba - -5?
4bf
In base 3, what is -2222000 - 